{"id":15,"date":"2023-08-11T10:55:52","date_gmt":"2023-08-11T13:55:52","guid":{"rendered":"https:\/\/kabcomunicacao.com.br\/?page_id=15"},"modified":"2026-01-29T00:27:14","modified_gmt":"2026-01-29T03:27:14","slug":"home","status":"publish","type":"page","link":"https:\/\/kabcomunicacao.com.br\/","title":{"rendered":"Home"},"content":{"rendered":"\t\t<div data-elementor-type=\"wp-page\" data-elementor-id=\"15\" class=\"elementor elementor-15\" data-elementor-post-type=\"page\">\n\t\t\t\t<div class=\"elementor-element elementor-element-f7c0c41 e-con-full e-flex e-con e-parent\" data-id=\"f7c0c41\" data-element_type=\"container\" data-e-type=\"container\" id=\"home\" data-settings=\"{&quot;background_background&quot;:&quot;video&quot;,&quot;background_video_link&quot;:&quot;https:\\\/\\\/kabcomunicacao.com.br\\\/wp-content\\\/uploads\\\/2024\\\/01\\\/production_id_4974770-1080p.mp4&quot;,&quot;background_play_on_mobile&quot;:&quot;yes&quot;}\">\n\t\t<div class=\"elementor-background-video-container\">\n\t\t\t\t\t\t\t<video class=\"elementor-background-video-hosted\" role=\"presentation\" autoplay muted playsinline loop><\/video>\n\t\t\t\t\t<\/div>\t\t<\/div>\n\t\t<div class=\"elementor-element elementor-element-daa8a12 e-flex e-con-boxed e-con e-parent\" data-id=\"daa8a12\" data-element_type=\"container\" data-e-type=\"container\" data-settings=\"{&quot;background_background&quot;:&quot;classic&quot;}\">\n\t\t\t\t\t<div class=\"e-con-inner\">\n\t\t\t\t<div class=\"elementor-element elementor-element-9f2b9bc animated-fast elementor-invisible elementor-widget elementor-widget-heading\" data-id=\"9f2b9bc\" data-element_type=\"widget\" data-e-type=\"widget\" data-settings=\"{&quot;_animation&quot;:&quot;fadeInDown&quot;}\" data-widget_type=\"heading.default\">\n\t\t\t\t<div class=\"elementor-widget-container\">\n\t\t\t\t\t<h2 class=\"elementor-heading-title elementor-size-default\">Transforme sua marca em conectividade!<\/h2>\t\t\t\t<\/div>\n\t\t\t\t<\/div>\n\t\t\t\t<div class=\"elementor-element elementor-element-f161e46 elementor-invisible elementor-widget elementor-widget-text-editor\" data-id=\"f161e46\" data-element_type=\"widget\" data-e-type=\"widget\" data-settings=\"{&quot;_animation&quot;:&quot;fadeInDown&quot;}\" data-widget_type=\"text-editor.default\">\n\t\t\t\t<div class=\"elementor-widget-container\">\n\t\t\t\t\t\t\t\t\t<p>Seja digital! Tenha uma forte identidade visual e se destaque na internet com sites, landing pages, presell e campanhas de marketing digital desenvolvidas por uma equipe especializada em solu\u00e7\u00f5es e experi\u00eancias digitais. A KAB Comunica\u00e7\u00e3o \u00e9 a sua ag\u00eancia digital parceira para construir uma presen\u00e7a online de sucesso!<\/p>\t\t\t\t\t\t\t\t<\/div>\n\t\t\t\t<\/div>\n\t\t\t\t\t<\/div>\n\t\t\t\t<\/div>\n\t\t<div class=\"elementor-element elementor-element-d7a813a e-con-full e-flex e-con e-parent\" data-id=\"d7a813a\" data-element_type=\"container\" data-e-type=\"container\" data-settings=\"{&quot;background_background&quot;:&quot;classic&quot;}\">\n\t\t<div class=\"elementor-element elementor-element-c23d0d4 e-con-full animated-fast e-flex elementor-invisible e-con e-child\" data-id=\"c23d0d4\" data-element_type=\"container\" data-e-type=\"container\" data-settings=\"{&quot;animation&quot;:&quot;fadeInLeft&quot;}\">\n\t\t\t\t<div class=\"elementor-element elementor-element-3369644 elementor-widget elementor-widget-heading\" data-id=\"3369644\" data-element_type=\"widget\" data-e-type=\"widget\" data-widget_type=\"heading.default\">\n\t\t\t\t<div class=\"elementor-widget-container\">\n\t\t\t\t\t<h2 class=\"elementor-heading-title elementor-size-default\">A Import\u00e2ncia de uma Presen\u00e7a Digital<\/h2>\t\t\t\t<\/div>\n\t\t\t\t<\/div>\n\t\t\t\t<div class=\"elementor-element elementor-element-c9c5db0 elementor-widget elementor-widget-text-editor\" data-id=\"c9c5db0\" data-element_type=\"widget\" data-e-type=\"widget\" data-widget_type=\"text-editor.default\">\n\t\t\t\t<div class=\"elementor-widget-container\">\n\t\t\t\t\t\t\t\t\t<p>Vivemos em uma era digital onde a presen\u00e7a online n\u00e3o \u00e9 apenas um diferencial, mas uma necessidade para qualquer neg\u00f3cio que deseja crescer e se destacar no mercado. A internet \u00e9 o primeiro lugar onde os consumidores procuram por produtos, servi\u00e7os e informa\u00e7\u00f5es, tornando-se essencial para as empresas terem uma presen\u00e7a forte e consistente no mundo digital.<\/p><p>Na KAB Comunica\u00e7\u00e3o, entendemos que cada neg\u00f3cio \u00e9 \u00fanico e merece uma estrat\u00e9gia digital personalizada. Nossa expertise em constru\u00e7\u00e3o de sites, landing pages, presell, gest\u00e3o de tr\u00e1fego e campanhas digitais nos permite criar solu\u00e7\u00f5es que n\u00e3o apenas atraem e engajam seu p\u00fablico-alvo, mas tamb\u00e9m impulsionam seu crescimento e visibilidade.<\/p>\t\t\t\t\t\t\t\t<\/div>\n\t\t\t\t<\/div>\n\t\t\t\t<div class=\"elementor-element elementor-element-747a354 elementor-widget elementor-widget-heading\" data-id=\"747a354\" data-element_type=\"widget\" data-e-type=\"widget\" data-widget_type=\"heading.default\">\n\t\t\t\t<div class=\"elementor-widget-container\">\n\t\t\t\t\t<h2 class=\"elementor-heading-title elementor-size-default\">Por que investir em uma presen\u00e7a digital?<\/h2>\t\t\t\t<\/div>\n\t\t\t\t<\/div>\n\t\t\t\t<div class=\"elementor-element elementor-element-b64bed0 elementor-widget elementor-widget-text-editor\" data-id=\"b64bed0\" data-element_type=\"widget\" data-e-type=\"widget\" data-widget_type=\"text-editor.default\">\n\t\t\t\t<div class=\"elementor-widget-container\">\n\t\t\t\t\t\t\t\t\t<ul><li><strong>Acessibilidade 24\/7<\/strong>: Um site bem constru\u00eddo e otimizado garante que seus clientes possam encontrar informa\u00e7\u00f5es sobre sua empresa a qualquer hora do dia, de qualquer lugar do mundo.<\/li><li><strong>Credibilidade e Confian\u00e7a<\/strong>: Ter uma presen\u00e7a digital profissional transmite confian\u00e7a e seriedade, fortalecendo a imagem da sua marca perante os consumidores.<\/li><li><strong>Alcance Ampliado<\/strong>: A internet permite que voc\u00ea alcance um p\u00fablico muito maior do que os m\u00e9todos tradicionais de marketing, expandindo suas oportunidades de neg\u00f3cio.<\/li><li><strong>Engajamento e Relacionamento<\/strong>: Ferramentas digitais permitem interagir diretamente com seus clientes, construindo relacionamentos mais fortes e fidelizando seu p\u00fablico.<\/li><li><strong>Medi\u00e7\u00e3o e An\u00e1lise<\/strong>: Com as campanhas digitais, \u00e9 poss\u00edvel medir o desempenho em tempo real, permitindo ajustes e melhorias cont\u00ednuas para maximizar resultados.<\/li><\/ul>\t\t\t\t\t\t\t\t<\/div>\n\t\t\t\t<\/div>\n\t\t\t\t<\/div>\n\t\t<div class=\"elementor-element elementor-element-6009b4a animated-fast e-flex e-con-boxed elementor-invisible e-con e-child\" data-id=\"6009b4a\" data-element_type=\"container\" data-e-type=\"container\" data-settings=\"{&quot;background_background&quot;:&quot;classic&quot;,&quot;animation&quot;:&quot;fadeInRight&quot;}\">\n\t\t\t\t\t<div class=\"e-con-inner\">\n\t\t\t\t<div class=\"elementor-element elementor-element-d488afc elementor-widget__width-initial elementor-widget elementor-widget-image\" data-id=\"d488afc\" data-element_type=\"widget\" data-e-type=\"widget\" data-widget_type=\"image.default\">\n\t\t\t\t<div class=\"elementor-widget-container\">\n\t\t\t\t\t\t\t\t\t\t\t\t\t\t\t<img fetchpriority=\"high\" decoding=\"async\" width=\"800\" height=\"877\" src=\"https:\/\/kabcomunicacao.com.br\/wp-content\/uploads\/2024\/07\/PC.webp\" class=\"attachment-large size-large wp-image-5226\" alt=\"\" srcset=\"https:\/\/kabcomunicacao.com.br\/wp-content\/uploads\/2024\/07\/PC.webp 869w, https:\/\/kabcomunicacao.com.br\/wp-content\/uploads\/2024\/07\/PC-274x300.webp 274w, https:\/\/kabcomunicacao.com.br\/wp-content\/uploads\/2024\/07\/PC-768x842.webp 768w\" sizes=\"(max-width: 800px) 100vw, 800px\" \/>\t\t\t\t\t\t\t\t\t\t\t\t\t\t\t<\/div>\n\t\t\t\t<\/div>\n\t\t\t\t\t<\/div>\n\t\t\t\t<\/div>\n\t\t\t\t<\/div>\n\t\t<div class=\"elementor-element elementor-element-56d7ce0 e-flex e-con-boxed e-con e-parent\" data-id=\"56d7ce0\" data-element_type=\"container\" data-e-type=\"container\">\n\t\t\t\t\t<div class=\"e-con-inner\">\n\t\t<div class=\"elementor-element elementor-element-886062b e-con-full e-flex e-con e-child\" data-id=\"886062b\" data-element_type=\"container\" data-e-type=\"container\">\n\t\t\t\t<div class=\"elementor-element elementor-element-7aeab4e elementor-invisible elementor-widget elementor-widget-text-editor\" data-id=\"7aeab4e\" data-element_type=\"widget\" data-e-type=\"widget\" data-settings=\"{&quot;_animation&quot;:&quot;fadeInDown&quot;}\" data-widget_type=\"text-editor.default\">\n\t\t\t\t<div class=\"elementor-widget-container\">\n\t\t\t\t\t\t\t\t\t<p><span style=\"vertical-align: inherit;\"><span style=\"vertical-align: inherit;\"><span style=\"vertical-align: inherit;\"><span style=\"vertical-align: inherit;\">Estamos empolgados para come\u00e7ar a trabalhar no seu PROJETO.<\/span><\/span><\/span><\/span><\/p>\t\t\t\t\t\t\t\t<\/div>\n\t\t\t\t<\/div>\n\t\t\t\t<div class=\"elementor-element elementor-element-97bd2cc animated-fast elementor-invisible elementor-widget elementor-widget-text-editor\" data-id=\"97bd2cc\" data-element_type=\"widget\" data-e-type=\"widget\" data-settings=\"{&quot;_animation&quot;:&quot;fadeInDown&quot;}\" data-widget_type=\"text-editor.default\">\n\t\t\t\t<div class=\"elementor-widget-container\">\n\t\t\t\t\t\t\t\t\t<p>Entre em contato conosco hoje mesmo para obter uma consulta gratuita e dar o primeiro passo para o sucesso online.<\/p>\t\t\t\t\t\t\t\t<\/div>\n\t\t\t\t<\/div>\n\t\t\t\t<div class=\"elementor-element elementor-element-c2701a5 elementor-align-center elementor-mobile-align-justify elementor-widget elementor-widget-button\" data-id=\"c2701a5\" data-element_type=\"widget\" data-e-type=\"widget\" data-settings=\"{&quot;_animation&quot;:&quot;none&quot;}\" data-widget_type=\"button.default\">\n\t\t\t\t<div class=\"elementor-widget-container\">\n\t\t\t\t\t\t\t\t\t<div class=\"elementor-button-wrapper\">\n\t\t\t\t\t<a class=\"elementor-button elementor-button-link elementor-size-sm elementor-animation-pulse-grow\" href=\"https:\/\/wa.me\/5521991135564\" target=\"_blank\">\n\t\t\t\t\t\t<span class=\"elementor-button-content-wrapper\">\n\t\t\t\t\t\t<span class=\"elementor-button-icon\">\n\t\t\t\t<svg aria-hidden=\"true\" class=\"e-font-icon-svg e-fab-whatsapp\" viewBox=\"0 0 448 512\" xmlns=\"http:\/\/www.w3.org\/2000\/svg\"><path d=\"M380.9 97.1C339 55.1 283.2 32 223.9 32c-122.4 0-222 99.6-222 222 0 39.1 10.2 77.3 29.6 111L0 480l117.7-30.9c32.4 17.7 68.9 27 106.1 27h.1c122.3 0 224.1-99.6 224.1-222 0-59.3-25.2-115-67.1-157zm-157 341.6c-33.2 0-65.7-8.9-94-25.7l-6.7-4-69.8 18.3L72 359.2l-4.4-7c-18.5-29.4-28.2-63.3-28.2-98.2 0-101.7 82.8-184.5 184.6-184.5 49.3 0 95.6 19.2 130.4 54.1 34.8 34.9 56.2 81.2 56.1 130.5 0 101.8-84.9 184.6-186.6 184.6zm101.2-138.2c-5.5-2.8-32.8-16.2-37.9-18-5.1-1.9-8.8-2.8-12.5 2.8-3.7 5.6-14.3 18-17.6 21.8-3.2 3.7-6.5 4.2-12 1.4-32.6-16.3-54-29.1-75.5-66-5.7-9.8 5.7-9.1 16.3-30.3 1.8-3.7.9-6.9-.5-9.7-1.4-2.8-12.5-30.1-17.1-41.2-4.5-10.8-9.1-9.3-12.5-9.5-3.2-.2-6.9-.2-10.6-.2-3.7 0-9.7 1.4-14.8 6.9-5.1 5.6-19.4 19-19.4 46.3 0 27.3 19.9 53.7 22.6 57.4 2.8 3.7 39.1 59.7 94.8 83.8 35.2 15.2 49 16.5 66.6 13.9 10.7-1.6 32.8-13.4 37.4-26.4 4.6-13 4.6-24.1 3.2-26.4-1.3-2.5-5-3.9-10.5-6.6z\"><\/path><\/svg>\t\t\t<\/span>\n\t\t\t\t\t\t\t\t\t<span class=\"elementor-button-text\">Atendimento  via WhatsApp <\/span>\n\t\t\t\t\t<\/span>\n\t\t\t\t\t<\/a>\n\t\t\t\t<\/div>\n\t\t\t\t\t\t\t\t<\/div>\n\t\t\t\t<\/div>\n\t\t\t\t<\/div>\n\t\t\t\t\t<\/div>\n\t\t\t\t<\/div>\n\t\t<div class=\"elementor-element elementor-element-c62de7a e-con-full e-flex e-con e-parent\" data-id=\"c62de7a\" data-element_type=\"container\" data-e-type=\"container\">\n\t\t\t\t<\/div>\n\t\t\t\t<\/div>\n\t\t","protected":false},"excerpt":{"rendered":"<p>Transforme sua marca em conectividade! Seja digital! Tenha uma forte identidade visual e se destaque na internet com sites, landing pages, presell e campanhas de marketing digital desenvolvidas por uma equipe especializada em solu\u00e7\u00f5es e experi\u00eancias digitais. A KAB Comunica\u00e7\u00e3o \u00e9 a sua ag\u00eancia digital parceira para construir uma presen\u00e7a online de sucesso! A Import\u00e2ncia [&hellip;]<\/p>\n","protected":false},"author":1,"featured_media":0,"parent":0,"menu_order":0,"comment_status":"closed","ping_status":"closed","template":"elementor_header_footer","meta":{"footnotes":""},"class_list":["post-15","page","type-page","status-publish","hentry"],"_links":{"self":[{"href":"https:\/\/kabcomunicacao.com.br\/index.php\/wp-json\/wp\/v2\/pages\/15","targetHints":{"allow":["GET"]}}],"collection":[{"href":"https:\/\/kabcomunicacao.com.br\/index.php\/wp-json\/wp\/v2\/pages"}],"about":[{"href":"https:\/\/kabcomunicacao.com.br\/index.php\/wp-json\/wp\/v2\/types\/page"}],"author":[{"embeddable":true,"href":"https:\/\/kabcomunicacao.com.br\/index.php\/wp-json\/wp\/v2\/users\/1"}],"replies":[{"embeddable":true,"href":"https:\/\/kabcomunicacao.com.br\/index.php\/wp-json\/wp\/v2\/comments?post=15"}],"version-history":[{"count":0,"href":"https:\/\/kabcomunicacao.com.br\/index.php\/wp-json\/wp\/v2\/pages\/15\/revisions"}],"wp:attachment":[{"href":"https:\/\/kabcomunicacao.com.br\/index.php\/wp-json\/wp\/v2\/media?parent=15"}],"curies":[{"name":"wp","href":"https:\/\/api.w.org\/{rel}","templated":true}]}}